alculate the highest common factor of s and 10.
2
Let z = 27 + -13. Suppose 7*r - 4*r = -9. Let n = r + 5. Calculate the greatest common factor of z and n.
2
Suppose 4*s + 1 = 9. Let c(v) = 4*v**s + v - 5*v + 2 + 5*v. Let a be c(-2). Calculate the highest common factor of 2 and a.
2
Let k = -91 + 126. What is the highest common divisor of k and 105?
35
Let p(x) = x - 16. Let a be p(22). What is the greatest common factor of 30 and a?
6
Suppose 16*h + 25 = 11*h. Let o be (-68)/h + 4/10. Calculate the greatest common divisor of o and 7.
7
Let k = 90 + -78. What is the highest common factor of 12 and k?
12
Let p(f) = -f**2 - 11*f + 2. Let s = 2 + -12. Let a be p(s). What is the greatest common divisor of 108 and a?
12
Let h be 10 + 0/(-5 - -3). Suppose -2*s - 2*c + 24 = 0, 4*s + 5*c - 35 = 10. Calculate the greatest common factor of s and h.
5
Let h = -111 + 120. Let t be (-4)/(-6) - 2/(-6). What is the greatest common divisor of h and t?
1
Let v = -64 - -76. What is the greatest common divisor of 156 and v?
12
Suppose -t = 4*a - 9, 0*a + 2*a - 12 = -2*t. What is the highest common factor of 55 and t?
5
Suppose -4*f + 41 = -23. Let t be (1 - 144/(-1)) + -1. What is the greatest common divisor of t and f?
16
Suppose -5*g + 21 + 34 = 0. Suppose 519 - 24 = 5*i. What is the greatest common factor of i and g?
11
Let r = -30 - -39. What is the greatest common divisor of r and 36?
9
Let m = -7 - -6. Let x = m - -3. Calculate the greatest common factor of x and 5.
1
Let s(j) = j**3 + 4*j**2 - 5*j - 6. Let t be s(-3). Calculate the greatest common factor of 90 and t.
18
Let t(d) = 2 - 2 - 1 - d. Let b be t(-6). Suppose -3*r + 7*r + s - 51 = 0, b*r = -3*s + 62. What is the highest common divisor of 52 and r?
13
Let w(o) = -o**2 - 4*o + 7. Let v be w(-5). Suppose -10 = -0*b - v*b. What is the greatest common divisor of 5 and b?
5
Suppose 15 = j - 13. Suppose -4*r = -244 + j. What is the highest common factor of r and 135?
27
Suppose 3*x - 7 - 8 = 0. Let h = 131 + -76. Calculate the highest common factor of h and x.
5
Suppose 3*i - 68 + 8 = 0. Let a = -13 + 18. Calculate the greatest common divisor of a and i.
5
Suppose -12 = -4*b, 0*b = -c + b + 88. Calculate the highest common divisor of 13 and c.
13
Let n(m) = 2*m**2 + 2*m + 9. Let h(k) = k**3 - 9*k**2 + 10*k - 9. Let i be h(8). Let z be n(i). What is the highest common factor of z and 11?
11
Let g be ((-56)/10)/(5/50*-2). What is the greatest common divisor of 14 and g?
14
Suppose -2*a - 59 = -423. What is the greatest common factor of a and 26?
26
Let p = 30 + -18. Let l(w) = -12*w - 3. Let k be l(-3). Suppose 6*g + 4*o = g + 40, 4*g = -3*o + k. Calculate the greatest common factor of g and p.
12
Let r = 17 - 5. What is the highest common divisor of r and 24?
12
Suppose -5*s = -5*w - 320, -5*s = -4*w + 3*w - 76. Let n = -32 - w. What is the highest common divisor of 203 and n?
29
Suppose 3*x = 2*x + 180. Calculate the highest common factor of x and 18.
18
Let o(f) = -9 - f - 13*f + 2*f. Let a be 3/((-1)/(2 - 0)). Let i be o(a). Calculate the greatest common factor of 7 and i.
7
Let b = 1 - -118. What is the highest common divisor of b and 17?
17
Suppose 0 = 3*s - s + 6. Let u be 3/((-756)/256 - s). What is the greatest common factor of 8 and u?
8
Suppose -1 = -5*b + 9. Suppose b*o = 5*o - 90. What is the greatest common divisor of 12 and o?
6
Let w be 6/(-2) - (8 - 25). What is the greatest common factor of w and 154?
14
Suppose 0 = -5*h + r + 45, h + 5*r = -18 + 1. Suppose -h = -p + 4. What is the greatest common factor of p and 132?
12
Let h = 5 - 2. Suppose 5*x = h*k - 0*k - 36, -4*x = 4*k - 48. What is the highest common factor of 30 and k?
6
Let c(s) = 20*s**2. Let h be c(-1). What is the greatest common divisor of h and 50?
10
Suppose 0*f - 2*f = -60. Let v = f - 9. Let s(c) = -c**3 - 2*c**2 - c - 3. Let k be s(-6). Calculate the greatest common divisor of k and v.
21
Suppose 3*l + 5*j - 25 = 0, -5*l = j + j - 29. What is the highest common factor of l and 30?
5
Suppose p - 5 = 3. What is the greatest common divisor of p and 32?
8
Let s be -6*(-1)/(1/2). Let k = -9 + 5. Let f(v) = -24*v. Let r be f(k). What is the greatest common factor of s and r?
12
Let t = 518 + -318. Calculate the greatest common divisor of 50 and t.
50
Suppose -23 - 13 = -t. Calculate the greatest common factor of t and 360.
36
Let c = 34 + 97. Suppose 4*f + 2*h - c = h, -4*f + 3*h = -119. What is the greatest common factor of f and 16?
16
Let b = 23 + 23. Let i be b/4 + (-4)/(-8). What is the greatest common factor of 108 and i?
12
Let t(q) = -q**3 + 7*q**2 - 2*q + 4. Let l be t(5). Calculate the greatest common divisor of l and 66.
22
Suppose -4*v + 25 = -23. Let t = -166 + 184. What is the greatest common factor of t and v?
6
Suppose -x - 72 = -2*r - 3*x, 119 = 4*r - x. Let v = r - -32. Let d = -10 + 17. What is the highest common divisor of d and v?
7
Let c(j) be the first derivative of -j**2/2 - j - 10. Let s(z) = z - 3. Let b be s(-4). Let q be c(b). Calculate the highest common divisor of q and 30.
6
Suppose 3*x - 5*y = 45, x - 2*y = -7*y + 15. Calculate the greatest common divisor of x and 5.
5
Let v = 16 - 13. Suppose 0 = v*c - 0*c - 450. Calculate the greatest common factor of c and 15.
15
Suppose -20 = 2*g - 6*g. Suppose -w + v - 23 = -5*w, -4*w = -5*v - g. Calculate the greatest common divisor of 5 and w.
5
Let f be -38*(1/(-2))/1. Suppose -2*a = -4*a + 64. Let b = a - f. What is the highest common divisor of b and 26?
13
Let k = -10 + 4. Let o = -5 - k. Suppose -1 = f - 8. Calculate the highest common factor of f and o.
1
Let l = 9 + -15. Let r(h) = -h**3 - 7*h**2 - 4*h + 8. Let z be r(l). Let y = -3 - z. What is the greatest common factor of y and 8?
1
Let y(b) = -7*b + 1. Let m be y(-1). Suppose -2*n - 4*i = 0, 3*n + i = 2*n. Suppose -x - x + 144 = n. What is the greatest common factor of m and x?
8
Let h(z) = z + 4. Let d be h(24). Suppose -5*f + 3*u + 198 = 0, 0 = 5*f - 0*u - 4*u - 194. What is the highest common divisor of f and d?
14
Suppose 9 = 4*z - 3. Suppose 4*i - 4 = 0, -10 = -z*c - 2*i - 2*i. Suppose -3*d = c*d - 30. What is the highest common divisor of 54 and d?
6
Let k(w) = -w**2 - 24*w - 35. Let h be k(-21). What is the highest common divisor of 14 and h?
14
Let r = -283 - -427. Calculate the highest common divisor of 18 and r.
18
Let t = -45 - -65. What is the highest common factor of 90 and t?
10
Let y be (12/5)/(2/55). Calculate the greatest common divisor of y and 44.
22
Let a(k) = 2*k**2 + 3*k - 2. Let j be a(4). Let t be 20/15*(-18)/(-4). Calculate the highest common factor of j and t.
6
Let f be 4/(36/32 + -1). Calculate the highest common divisor of 96 and f.
32
Let o be 4 + (-4)/(-2) - 2. Let x = 4 - o. Suppose -32 = -x*n - n + 4*k, 3*k = -3*n + 36. What is the greatest common divisor of 16 and n?
16
Suppose 2*t = -3*v + 31, -2*t + 3*t - 2 = 0. Calculate the greatest common divisor of 36 and v.
9
Suppose -w + 5*w = 0. Let q be 9 - (-1 - -3) - w. Calculate the highest common divisor of 7 and q.
7
Suppose -y + 0*y + 33 = 5*z, z = 2*y - 55. Let p(g) = -4*g - 1. Let j be p(-1). Suppose t = -j*t + y. Calculate the highest common factor of 1 and t.
1
Let r(t) = t**3 + 10*t**2 + 9*t + 9. Suppose -34 = 3*s - 7. Let q be r(s). Suppose -4*o = -8*o + 4. What is the highest common divisor of q and o?
1
Let x = 143 + -43. Calculate the greatest common factor of x and 20.
20
Suppose -3 = 2*z - 13, -4*z + 48 = l. Calculate the greatest common factor of 70 and l.
14
Let s be (-2)/7 + (-1560)/(-21). Let i = s - -10. Let a be 12 + 0/(1 - 2). Calculate the greatest common factor of a and i.
12
Suppose -59 = -r - 10. Let b = 130 - r. Calculate the highest common factor of b and 27.
27
Let l(s) = -s + 5. Let h be l(-5). Suppose 20 = -2*m + 4*m. Calculate the highest common factor of m and h.
10
Let g(q) = -1 + 5*q**3 + 3*q**2 - 2*q**2 + 5*q**3. Suppose -2*a - f = -3*f - 10, -f + 1 = 5*a. Let t be g(a). Calculate the highest common factor of 15 and t.
5
Let n be 4/2*23/2. Suppose -d - 3*d + 884 = 0. Let v = 336 - d. What is the highest common factor of v and n?
23
Suppose 2*k = u - 3*k - 22, -3*k + 54 = 5*u. Calculate the highest common divisor of 84 and u.
12
Let g = -110 - -154. Let b = 30 + 7. Suppose 